s the hundreds digit of 4396183?
1
What is the ten thousands digit of 10837?
1
What is the units digit of 3109499?
9
What is the ten thousands digit of 38300?
3
What is the hundreds digit of 11390103?
1
What is the thousands digit of 510550?
0
What is the millions digit of 11927380?
1
What is the hundreds digit of 8632450?
4
What is the ten millions digit of 19074026?
1
What is the ten thousands digit of 99206?
9
What is the hundred thousands digit of 3511953?
5
What is the tens digit of 1540435?
3
What is the tens digit of 1072165?
6
What is the hundreds digit of 5719657?
6
What is the thousands digit of 598197?
8
What is the millions digit of 7835134?
7
What is the hundreds digit of 306076?
0
What is the units digit of 541325?
5
What is the hundred thousands digit of 12393371?
3
What is the hundreds digit of 220560?
5
What is the tens digit of 728336?
3
What is the units digit of 55252?
2
What is the hundred thousands digit of 222767?
2
What is the ten thousands digit of 15109409?
0
What is the units digit of 8314848?
8
What is the millions digit of 4643628?
4
What is the thousands digit of 616872?
6
What is the thousands digit of 5817?
5
What is the hundred thousands digit of 249778?
2
What is the ten thousands digit of 162705?
6
What is the units digit of 3572820?
0
What is the tens digit of 22779922?
2
What is the hundreds digit of 205738?
7
What is the hundreds digit of 213824?
8
What is the thousands digit of 1034109?
4
What is the hundred thousands digit of 5623408?
6
What is the thousands digit of 718708?
8
What is the units digit of 161511?
1
What is the hundreds digit of 528323?
3
What is the thousands digit of 3164571?
4
What is the units digit of 6390544?
4
What is the ten thousands digit of 24182?
2
What is the thousands digit of 6163769?
3
What is the millions digit of 9301116?
9
What is the ten thousands digit of 231810?
3
What is the thousands digit of 704042?
4
What is the tens digit of 29669?
6
What is the hundred thousands digit of 8011991?
0
What is the ten thousands digit of 131128?
3
What is the hundred thousands digit of 134298?
1
What is the thousands digit of 1255327?
5
What is the units digit of 646838?
8
What is the units digit of 340685?
5
What is the thousands digit of 377349?
7
What is the ten thousands digit of 9757500?
5
What is the units digit of 252134?
4
What is the hundreds digit of 1534443?
4
What is the hundreds digit of 2303687?
6
What is the tens digit of 2243193?
9
What is the units digit of 945263?
3
What is the hundred thousands digit of 8130818?
1
What is the hundred thousands digit of 192878?
1
What is the ten thousands digit of 9039219?
3
What is the hundred thousands digit of 188698?
1
What is the hundreds digit of 5301725?
7
What is the units digit of 10890955?
5
What is the units digit of 12860963?
3
What is the tens digit of 720606?
0
What is the millions digit of 4199655?
4
What is the thousands digit of 92627?
2
What is the hundreds digit of 21375?
3
What is the hundreds digit of 7859270?
2
What is the hundreds digit of 967828?
8
What is the units digit of 6491781?
1
What is the ten thousands digit of 17108141?
0
What is the hundred thousands digit of 13919571?
9
What is the hundred thousands digit of 7173431?
1
What is the hundreds digit of 151375?
3
What is the units digit of 50355?
5
What is the hundreds digit of 17933358?
3
What is the units digit of 7416812?
2
What is the units digit of 3257038?
8
What is the hundred thousands digit of 22450748?
4
What is the hundreds digit of 167552?
5
What is the ten thousands digit of 16378?
1
What is the ten thousands digit of 24930892?
3
What is the thousands digit of 171492?
1
What is the units digit of 19896313?
3
What is the ten thousands digit of 20623?
2
What is the ten thousands digit of 838204?
3
What is the ten thousands digit of 552765?
5
What is the tens digit of 652216?
1
What is the units digit of 20197?
7
What is the units digit of 222375?
5
What is the hundred thousands digit of 274135?
2
What is the ten thousands digit of 4789995?
8
What is the tens digit of 306351?
5
What is the hundreds digit of 13817507?
5
What is the hundreds digit of 47365?
3
What is the tens digit of 20136?
3
What is the thousands digit of 4512812?
2
What is the tens digit of 123590?
9
What is the hundreds digit of 10798726?
7
What is the hundred thousands digit of 468835?
4
What is the ten thousands digit of 588720?
8
What is the thousands digit of 68930?
8
What is the millions digit of 3116290?
3
What is the thousands digit of 398150?
8
What is the millions digit of 3707601?
3
What is the hundred thousands digit of 3679480?
6
What is the millions digit of 7786994?
7
What is the thousands digit of 1596752?
6
What is the thousands digit of 722533?
2
What is the millions digit of 16684654?
6
What is the hundreds digit of 557593?
5
What is the tens digit of 6828798?
9
What is the thousands digit of 522270?
2
What is the hundred thousands digit of 247889?
2
What is the millions digit of 7520230?
7
What is the units digit of 3578378?
8
What is the thousands digit of 10896192?
6
What is the ten thousands digit of 563792?
6
What is the tens digit of 1529719?
1
What is the millions digit of 2337224?
2
What is the hundred thousands digit of 20718562?
7
What is the ten thousands digit of 1305409?
0
What is the ten millions digit of 20454077?
2
What is the millions digit of 1896054?
1
What is the tens digit of 25019121?
2
What is the ten thousands digit of 4420443?
2
What is the thousands digit of 411705?
1
What is the hundred thousands digit of 1031860?
0
What is the ten thousands digit of 590988?
9
What is the units digit of 1826359?
9
What is the ten thousands digit of 284383?
8
What is the thousands digit of 85510?
5
What is the thousands digit of 3554499?
4
What is the tens digit of 2702626?
2
What is the ten thousands digit of 354401?
5
What is the thousands digit of 327954?
7
What is the hundreds digit of 3776108?
1
What is the tens digit of 1743149?
4
What is the thousands digit of 219062?
9
What is the units digit of 2433840?
0
What is the thousands digit of 490029?
0
What is the tens digit of 3290288?
8
What is the units digit of 35042?
2
What is the hundred thousands digit of 18853511?
8
What is the ten thousands digit of 40754?
4
What is the tens digit of 3361746?
4
What is the hundreds digit of 329879?
8
What is the hundred thousands digit of 3894053?
8
What is the hundred thousands digit of 262559?
2
What is the thousands digit of 1524555?
4
What is the tens digit of 986142?
4
What is the units digit of 9176095?
5
What is the millions digit of 3176474?
3
What is the ten thousands digit of 306852?
0
What is the tens digit of 10310350?
5
What is the millions digit of 14616269?
4
What is the units digit of 484111?
1
What is the hundred thousands digit of 674168?
6
What is the units digit of 261461?
1
What is the thousands digit of 697294?
7
What is the hundreds digit of 2546856?
8
What is the ten thousands digit of 192152?
9
What is the tens digit of 7568908?
0
What is the units digit of 213741?
1
What is the hundred thousands digit of 416148?
4
What is the thousands digit of 875479?
5
What is the millions digit of 3455259?
3
What is the units digit of 64817?
7
What is the millions digit of 16532091?
6
What is the units digit of 1882023?
3
What is the millions digit of 1295980?
1
What is the hundred thousands digit of 9366282?
3
What is the hundreds digit of 1140096?
0
What is the millions digit of 2679170?
2
What is the thousands digit of 552946?
2
What is the hundreds digit of 176286?
2
What is the thousands digit of 3675?
3
What is the thousands digit of 1155402?
5
What is the tens digit of 217665?
6
What is the tens digit of 4358107?
0
What is the thousands digit of 281080?
1
What is the tens digit of 3348126?
2
What is the thousands digit of 134275?
4
What is the tens digit of 2292388?
8
What is the tens digit of 7284106?
0
What is the ten thousands digit of 20739846?
3
What is the millions digit of 2017981?
2
What is the ten thousands digit of 161582?
6
What is the units digit of 1079065?
5
What is the units digit of 4991954?
4
What is the tens digit of 70433?
3
What is the hundred thousands digit of 3018832?
0
What is the units digit of 905583?
3
W